{"id":286,"date":"2024-02-19T20:20:07","date_gmt":"2024-02-19T19:20:07","guid":{"rendered":"https:\/\/aepr-gym-zumba.fr\/?page_id=286"},"modified":"2024-10-09T18:18:14","modified_gmt":"2024-10-09T16:18:14","slug":"gaf","status":"publish","type":"page","link":"https:\/\/aepr-gym-zumba.fr\/index.php\/gaf\/","title":{"rendered":"GAF &#8211; Gymnastique Artistique F\u00e9minine"},"content":{"rendered":"\n<h2 class=\"wp-block-heading\"><strong>Le sol : la l\u00e9g\u00e8ret\u00e9 de l&rsquo;\u00eatre<\/strong><\/h2>\n\n\n\n<div class=\"wp-block-group is-vertical is-layout-flex wp-container-core-group-is-layout-8cf370e7 wp-block-group-is-layout-flex\">\n<div class=\"wp-block-group\"><div class=\"wp-block-group__inner-container is-layout-constrained wp-block-group-is-layout-constrained\">\n<p>Jusqu&rsquo;en 1950, les gymnastes r\u00e9alisaient leur exercice sans musique \u00e0 m\u00eame le sol. Aujourd&rsquo;hui, l&rsquo;exercice au sol est r\u00e9alis\u00e9 sur fond musical (contrairement aux gar\u00e7ons) pour souligner la prestation. La dur\u00e9e de l&rsquo;exercice ne doit pas d\u00e9passer 1:30 minute (90 sec).<\/p>\n\n\n\n<p>Le sol est l&rsquo;\u00e9preuve phare de la gymnastique f\u00e9minine. La chor\u00e9graphie doit correspondre au caract\u00e8re de la musique et au type de la gymnaste. Elle vole, virevolte, tourne, saute et danse \u00e0 la fois avec gr\u00e2ce et virtuosit\u00e9, en utilisant toute la surface du praticable.<\/p>\n<\/div><\/div>\n\n\n\n<div class=\"wp-block-group\"><div class=\"wp-block-group__inner-container is-layout-constrained wp-block-group-is-layout-constrained\"><div class=\"wp-block-image\">\n<figure class=\"alignright size-large is-resized\"><img loading=\"lazy\" decoding=\"async\" width=\"2560\" height=\"1707\" src=\"https:\/\/aepr-gym-zumba.fr\/wp-content\/uploads\/2024\/09\/IMG_1867-edited-scaled.jpg\" alt=\"\" class=\"wp-image-366\" style=\"width:255px;height:auto\" srcset=\"https:\/\/aepr-gym-zumba.fr\/wp-content\/uploads\/2024\/09\/IMG_1867-edited-scaled.jpg 2560w, https:\/\/aepr-gym-zumba.fr\/wp-content\/uploads\/2024\/09\/IMG_1867-edited-300x200.jpg 300w, https:\/\/aepr-gym-zumba.fr\/wp-content\/uploads\/2024\/09\/IMG_1867-edited-1024x683.jpg 1024w, https:\/\/aepr-gym-zumba.fr\/wp-content\/uploads\/2024\/09\/IMG_1867-edited-768x512.jpg 768w, https:\/\/aepr-gym-zumba.fr\/wp-content\/uploads\/2024\/09\/IMG_1867-edited-1536x1024.jpg 1536w, https:\/\/aepr-gym-zumba.fr\/wp-content\/uploads\/2024\/09\/IMG_1867-edited-2048x1366.jpg 2048w\" sizes=\"auto, (max-width: 2560px) 100vw, 2560px\" \/><\/figure>\n<\/div>\n\n\n<p>La gymnaste effectue trois s\u00e9quences acrobatiques, \u00e0 diff\u00e9rentes hauteurs, accompagn\u00e9es de passages chor\u00e9graphiques o\u00f9 l&rsquo;expression et l&rsquo;\u00e9motion sont au rendez-vous. Un encha\u00eenement actuel comporte de trois \u00e0 quatre diagonales (tr\u00e8s rarement cinq), que la gymnaste trace en aller et parfois retour.<\/p>\n\n\n\n<p>Toute la surface du praticable doit \u00eatre utilis\u00e9e. Le rythme, la vitesse et l&rsquo;humeur du programme doivent varier. Individualit\u00e9, originalit\u00e9, maturit\u00e9, ma\u00eetrise et une ex\u00e9cution artistique sont n\u00e9cessaires pour obtenir une note \u00e9lev\u00e9e.<\/p>\n<\/div><\/div>\n<\/div>\n\n\n\n<h2 class=\"wp-block-heading\"><strong>Les barres asym\u00e9triques : l&rsquo;\u00e9loge de la virtuosit\u00e9<\/strong><\/h2>\n\n\n\n<div class=\"wp-block-group is-vertical is-layout-flex wp-container-core-group-is-layout-8cf370e7 wp-block-group-is-layout-flex\">\n<div class=\"wp-block-group\"><div class=\"wp-block-group__inner-container is-layout-constrained wp-block-group-is-layout-constrained\">\n<p>Tr\u00e8s spectaculaire, cet appareil est un cocktail de force, de pr\u00e9cision, de concentration et de courage. Les mouvements balanc\u00e9s sont pr\u00e9dominants \u00e0 cet appareil. La gymnaste, sans temps d&rsquo;arr\u00eat, \u00e9volue sur les deux barres, dans les deux directions (en avant et en arri\u00e8re), au-dessus, entre et au-dessous des barres.<\/p>\n\n\n<div class=\"wp-block-image\">\n<figure class=\"aligncenter size-large is-resized\"><img loading=\"lazy\" decoding=\"async\" width=\"1024\" height=\"683\" src=\"http:\/\/aepr-gym-zumba.fr\/wp-content\/uploads\/2024\/09\/IMG_0739-edited-1024x683.jpg\" alt=\"\" class=\"wp-image-349\" style=\"width:306px;height:auto\" srcset=\"https:\/\/aepr-gym-zumba.fr\/wp-content\/uploads\/2024\/09\/IMG_0739-edited-1024x683.jpg 1024w, https:\/\/aepr-gym-zumba.fr\/wp-content\/uploads\/2024\/09\/IMG_0739-edited-300x200.jpg 300w, https:\/\/aepr-gym-zumba.fr\/wp-content\/uploads\/2024\/09\/IMG_0739-edited-768x512.jpg 768w, https:\/\/aepr-gym-zumba.fr\/wp-content\/uploads\/2024\/09\/IMG_0739-edited-1536x1024.jpg 1536w, https:\/\/aepr-gym-zumba.fr\/wp-content\/uploads\/2024\/09\/IMG_0739-edited-2048x1366.jpg 2048w\" sizes=\"auto, (max-width: 1024px) 100vw, 1024px\" \/><\/figure>\n<\/div>\n\n\n<p>Elle alterne des phases d&rsquo;appui et de suspension, des saltos, des changements de face et de prises, et des grands tours. La sortie est une combinaison de rotations, avant, arri\u00e8re ou longitudinale. La jeune fille ne peut encha\u00eener plus de 4 figures \u00e0 la m\u00eame barre. Les encha\u00eenements aux barres asym\u00e9triques comportent au minimum dix \u00e9l\u00e9ments en suspension, en appui ou en libre, avec \u00e9lan.<\/p>\n<\/div><\/div>\n<\/div>\n\n\n\n<h2 class=\"wp-block-heading\"><strong>La table de saut : vive comme l&rsquo;\u00e9clair<\/strong><\/h2>\n\n\n\n<div class=\"wp-block-group is-vertical is-content-justification-center is-layout-flex wp-container-core-group-is-layout-0472769e wp-block-group-is-layout-flex\">\n<div class=\"wp-block-group\"><div class=\"wp-block-group__inner-container is-layout-constrained wp-block-group-is-layout-constrained\">\n<p>Chaque saut poss\u00e8de sa propre valeur en fonction de sa difficult\u00e9 : la complexit\u00e9 du saut, l&rsquo;envol, la tenue du corps et la r\u00e9ception. Cette derni\u00e8re doit \u00eatre bien contr\u00f4l\u00e9e. La note du saut r\u00e9sulte de la moyenne des deux sauts. Les jeunes filles doivent imp\u00e9rativement poser les deux mains sur la table de saut plac\u00e9e dans le sens de la piste d&rsquo;\u00e9lan. Apr\u00e8s un tr\u00e8s bref appui, elles r\u00e9alisent une figure acrobatique dans l&rsquo;espace.&nbsp;<\/p>\n<\/div><\/div>\n\n\n\n<div class=\"wp-block-group\"><div class=\"wp-block-group__inner-container is-layout-constrained wp-block-group-is-layout-constrained\">\n<p>Avant l&rsquo;impulsion des deux pieds sur le tremplin, la gymnaste peut effectuer, si elle le d\u00e9sire, un \u00e9l\u00e9ment pr\u00e9paratoire comme une rondade, mais surtout elle se doit d&rsquo;assurer une r\u00e9ception la plus stable possible. Dynamisme, amplitude, puissance et pr\u00e9cision dans les rotations caract\u00e9risent les diff\u00e9rentes phases.<\/p>\n\n\n<div class=\"wp-block-image\">\n<figure class=\"alignright size-large is-resized\"><img loading=\"lazy\" decoding=\"async\" width=\"1024\" height=\"636\" src=\"http:\/\/aepr-gym-zumba.fr\/wp-content\/uploads\/2024\/09\/IMG_1944-scaled-e1727278234335-1024x636.jpg\" alt=\"\" class=\"wp-image-351\" style=\"width:299px;height:auto\" srcset=\"https:\/\/aepr-gym-zumba.fr\/wp-content\/uploads\/2024\/09\/IMG_1944-scaled-e1727278234335-1024x636.jpg 1024w, https:\/\/aepr-gym-zumba.fr\/wp-content\/uploads\/2024\/09\/IMG_1944-scaled-e1727278234335-300x186.jpg 300w, https:\/\/aepr-gym-zumba.fr\/wp-content\/uploads\/2024\/09\/IMG_1944-scaled-e1727278234335-768x477.jpg 768w, https:\/\/aepr-gym-zumba.fr\/wp-content\/uploads\/2024\/09\/IMG_1944-scaled-e1727278234335.jpg 1160w\" sizes=\"auto, (max-width: 1024px) 100vw, 1024px\" \/><\/figure>\n<\/div>\n\n\n<p>Lors des Championnats du Monde 2001 \u00e0 Gand, une nouvelle table de saut a \u00e9t\u00e9 utilis\u00e9e pour la premi\u00e8re fois \u00e0 la place du cheval traditionnel. Cette table de saut doit assurer une meilleure s\u00e9curit\u00e9 aux gymnastes, en leur permettant en m\u00eame temps d&rsquo;ex\u00e9cuter d&rsquo;une mani\u00e8re optimale les difficult\u00e9s techniques des sauts complexes.<\/p>\n<\/div><\/div>\n<\/div>\n\n\n\n<h2 class=\"wp-block-heading\"><strong>La poutre \u00e0 la conqu\u00eate de l&rsquo;\u00e9quilibre<\/strong><\/h2>\n\n\n\n<div class=\"wp-block-group\"><div class=\"wp-block-group__inner-container is-layout-constrained wp-block-group-is-layout-constrained\">\n<div style=\"height:100px\" aria-hidden=\"true\" class=\"wp-block-spacer\"><\/div>\n\n\n<div class=\"wp-block-image\">\n<figure class=\"alignleft size-large is-resized\"><img loading=\"lazy\" decoding=\"async\" width=\"413\" height=\"1024\" src=\"http:\/\/aepr-gym-zumba.fr\/wp-content\/uploads\/2024\/09\/IMG_1689-scaled-e1727268144836-413x1024.jpg\" alt=\"\" class=\"wp-image-346\" style=\"width:185px;height:auto\" srcset=\"https:\/\/aepr-gym-zumba.fr\/wp-content\/uploads\/2024\/09\/IMG_1689-scaled-e1727268144836-413x1024.jpg 413w, https:\/\/aepr-gym-zumba.fr\/wp-content\/uploads\/2024\/09\/IMG_1689-scaled-e1727268144836-121x300.jpg 121w, https:\/\/aepr-gym-zumba.fr\/wp-content\/uploads\/2024\/09\/IMG_1689-scaled-e1727268144836-768x1903.jpg 768w, https:\/\/aepr-gym-zumba.fr\/wp-content\/uploads\/2024\/09\/IMG_1689-scaled-e1727268144836-620x1536.jpg 620w, https:\/\/aepr-gym-zumba.fr\/wp-content\/uploads\/2024\/09\/IMG_1689-scaled-e1727268144836-826x2048.jpg 826w, https:\/\/aepr-gym-zumba.fr\/wp-content\/uploads\/2024\/09\/IMG_1689-scaled-e1727268144836.jpg 878w\" sizes=\"auto, (max-width: 413px) 100vw, 413px\" \/><\/figure>\n<\/div>\n\n\n<p>La poutre est l&rsquo;un des appareils les plus embl\u00e9matiques de la gymnastique artistique f\u00e9minine, alliant pr\u00e9cision, gr\u00e2ce et une concentration extr\u00eame. Mesurant seulement 10 centim\u00e8tres de large, cet agr\u00e8s exige des gymnastes un sens aigu de l\u2019\u00e9quilibre et une ma\u00eetrise parfaite de leur corps. L&rsquo;exercice sur la poutre est une v\u00e9ritable d\u00e9monstration de courage et de d\u00e9termination, o\u00f9 chaque mouvement doit \u00eatre ex\u00e9cut\u00e9 avec finesse et assurance.<\/p>\n\n\n\n<p>Les gymnastes effectuent une s\u00e9rie de figures techniques, notamment des sauts, des rotations, des \u00e9l\u00e9ments acrobatiques et des mouvements chor\u00e9graphiques, le tout en maintenant une posture stable. Chaque routine doit durer entre 1 minute et 1 minute 30, durant laquelle la gymnaste utilise la totalit\u00e9 de la poutre pour r\u00e9aliser ses encha\u00eenements. Les transitions entre les diff\u00e9rents \u00e9l\u00e9ments doivent \u00eatre fluides, permettant de cr\u00e9er une performance harmonieuse qui capte l\u2019attention des juges.<\/p>\n<\/div><\/div>\n\n\n\n<p><\/p>\n","protected":false},"excerpt":{"rendered":"<p>Le sol : la l\u00e9g\u00e8ret\u00e9 de l&rsquo;\u00eatre Jusqu&rsquo;en 1950, les gymnastes r\u00e9alisaient leur exercice sans musique \u00e0 m\u00eame le sol. Aujourd&rsquo;hui, l&rsquo;exercice au sol est r\u00e9alis\u00e9 sur fond musical (contrairement aux gar\u00e7ons) pour souligner la prestation. La dur\u00e9e de l&rsquo;exercice ne doit pas d\u00e9passer 1:30 minute (90 sec). Le sol est l&rsquo;\u00e9preuve phare de la &hellip; <\/p>\n<p class=\"link-more\"><a href=\"https:\/\/aepr-gym-zumba.fr\/index.php\/gaf\/\" class=\"more-link\">Continue reading<span class=\"screen-reader-text\"> \u00ab\u00a0GAF &#8211; Gymnastique Artistique F\u00e9minine\u00a0\u00bb<\/span><\/a><\/p>\n","protected":false},"author":1,"featured_media":0,"parent":0,"menu_order":0,"comment_status":"closed","ping_status":"closed","template":"","meta":{"_monsterinsights_skip_tracking":false,"_monsterinsights_sitenote_active":false,"_monsterinsights_sitenote_note":"","_monsterinsights_sitenote_category":0,"footnotes":""},"class_list":["post-286","page","type-page","status-publish","hentry"],"jetpack_sharing_enabled":true,"_links":{"self":[{"href":"https:\/\/aepr-gym-zumba.fr\/index.php\/wp-json\/wp\/v2\/pages\/286","targetHints":{"allow":["GET"]}}],"collection":[{"href":"https:\/\/aepr-gym-zumba.fr\/index.php\/wp-json\/wp\/v2\/pages"}],"about":[{"href":"https:\/\/aepr-gym-zumba.fr\/index.php\/wp-json\/wp\/v2\/types\/page"}],"author":[{"embeddable":true,"href":"https:\/\/aepr-gym-zumba.fr\/index.php\/wp-json\/wp\/v2\/users\/1"}],"replies":[{"embeddable":true,"href":"https:\/\/aepr-gym-zumba.fr\/index.php\/wp-json\/wp\/v2\/comments?post=286"}],"version-history":[{"count":19,"href":"https:\/\/aepr-gym-zumba.fr\/index.php\/wp-json\/wp\/v2\/pages\/286\/revisions"}],"predecessor-version":[{"id":1117,"href":"https:\/\/aepr-gym-zumba.fr\/index.php\/wp-json\/wp\/v2\/pages\/286\/revisions\/1117"}],"wp:attachment":[{"href":"https:\/\/aepr-gym-zumba.fr\/index.php\/wp-json\/wp\/v2\/media?parent=286"}],"curies":[{"name":"wp","href":"https:\/\/api.w.org\/{rel}","templated":true}]}}